{"id":232,"date":"2023-10-19T07:53:05","date_gmt":"2023-10-19T05:53:05","guid":{"rendered":"https:\/\/kosarkapgz.com\/?page_id=232"},"modified":"2023-10-19T07:53:05","modified_gmt":"2023-10-19T05:53:05","slug":"povijest","status":"publish","type":"page","link":"https:\/\/kosarkapgz.com\/?page_id=232","title":{"rendered":"Povijest"},"content":{"rendered":"<div class=\"is-layout-flex wp-container-3 wp-block-columns\">\n<div class=\"is-layout-flow wp-block-column\">\n<p class=\"has-drop-cap\">Ko\u0161arka\u0161ki savez Primorsko-goranske \u017eupanije osnovan je 16. \u00a001. 1997. godine kada je i izabrano rukovodstvo Ko\u0161arka\u0161kog saveza na \u010delu s predsjednikom gosp. Franjom Luli\u0107em. Tajnik je Zoran Pjevalica.<\/p>\n<p>Tako\u0111er su u svom sazivu poslove odra\u0111ivali Nadzorni odbor, Stegovni sud i Arbitra\u017ea Ko\u0161arka\u0161kog saveza Primorsko-goranske \u017eupanije. Djelatnost Ko\u0161arka\u0161kog saveza Primorsko-goranske \u017eupanije proizilazi iz Zakona o sportu, Pravila Hrvatskog olimpijskog odbora, Statuta Hrvatskog ko\u0161arka\u0161kog saveza te zada\u0107a i poslova koje su mu povjerile \u010dlanice.<\/p>\n<\/div>\n<div class=\"is-layout-flow wp-block-column\">\n<p>&nbsp;<\/p>\n<p>Ko\u0161arka\u0161ki savez Primorsko-goranske \u017eupanije na podru\u010dju Primorsko-goranske \u017eupanije poti\u010de i promi\u010de ko\u0161arku i ko\u0161arka\u0161ku aktivnost, uskla\u0111uje aktivnost svojih \u010dlanica, organizira i provodi sustav natjecanja, skrbi o unapre\u0111enju stru\u010dnog rada i osposobljavanju stru\u010dnih djelatnika te unapre\u0111enju sportskih dostignu\u0107a, skrbi o ko\u0161arka\u0161ima i ko\u0161arka\u0161icama, objedinjuje i uskla\u0111uje program ko\u0161arke na svom podru\u010dju, utvr\u0111uje program javnih potreba i skrbi o njegovom ostvarenju i obavlja druge poslove i zada\u0107e utvr\u0111ene Zakonom i Statutom HKS-a.<\/p>\n<\/div>\n<\/div>\n<h2><strong>PROGRAMI KO\u0160ARKA\u0160KOG SAVEZA<\/strong><\/h2>\n<p>1. Ko\u0161arka\u0161ki savez Primorsko-goranske \u017eupanije osim svoje redovite djelatnosti kao \u0161to je provo\u0111enje natjecanja od najmla\u0111ih kategorija ( mini-basket liga dje\u010daka i djevoj\u010dica, liga dje\u010daka i djevoj\u010dica, mla\u0111e kadetske lige, kadetske i juniorske lige ) pa do seniorskih kategorija ( B-1 mu\u0161ka i \u017eenska liga, A-2 mu\u0161ka liga i kup natjecanje na podru\u010dju regije \u201e zapad \u201e ) provodi i druge programe koje prihvati Upravni odbor Ko\u0161arka\u0161kog saveza Primorsko-goranske \u017eupanije.<\/p>\n<p>Tu spadaju nastupi \u017eupanijskih selekcija u svim kategorijama na raznim me\u0111unarodnim i doma\u0107in natjecanjima ( Otvoreno prvenstvo \u017eupanijskih selekcija pod okriljem Hrvatskog ko\u0161arka\u0161kog saveza u Pore\u010du, nastup na me\u0111unarodnom ko\u0161arka\u0161kom turniru u Riomu \u2013 Francuska, nastup na Uskr\u0161njem turniru u Crikvenici\u2026 ), zatim organizacija stru\u010dnih seminara za Udrugu ko\u0161arka\u0161kih sudaca i Udrugu ko\u0161arka\u0161kih trenera Primorsko-goranske \u017eupanije, pomo\u0107 pri organizaciji kampova koje provodi na podru\u010dju \u017eupanije stru\u010dna slu\u017eba Hrvatskog ko\u0161arka\u0161kog saveza, pomo\u0107 u organizaciji prilikom nastupa nacionalnih reprezentacija ( Rijeka, Crikvenica, Delnice\u2026 ) i sl.<\/p>\n<h2><strong>ORGANIZACIJA SAVEZA<\/strong><\/h2>\n<p>Ko\u0161arka\u0161ki savez Primorsko-goranske \u017eupanije ustrojen je na takav na\u010din da ima svoje legalne organe kao \u0161to su Skup\u0161tina, Upravni odbor, Arbitra\u017ea i Stegovni sud. Pored navedenih osnivaju se povremeno i druga tijela koja poma\u017eu u radu Saveza.<\/p>\n<p>U sklopu savezu djeluju i pojedina Povjerenstva za natjecanja koja vode brigu u skrb o pojedinom natjecanju.<\/p>\n","protected":false},"excerpt":{"rendered":"<p>Ko\u0161arka\u0161ki savez Primorsko-goranske \u017eupanije osnovan je 16. \u00a001. 1997. godine kada je i izabrano rukovodstvo Ko\u0161arka\u0161kog saveza na \u010delu s predsjednikom gosp. Franjom Luli\u0107em. Tajnik je Zoran Pjevalica. Tako\u0111er su u svom sazivu poslove odra\u0111ivali Nadzorni odbor, Stegovni sud i Arbitra\u017ea Ko\u0161arka\u0161kog saveza Primorsko-goranske \u017eupanije. Djelatnost Ko\u0161arka\u0161kog saveza Primorsko-goranske \u017eupanije proizilazi iz Zakona o sportu, [&hellip;]<\/p>\n","protected":false},"author":1,"featured_media":0,"parent":0,"menu_order":0,"comment_status":"closed","ping_status":"closed","template":"","meta":{"footnotes":""},"yoast_head":"<!-- This site is optimized with the Yoast SEO plugin v21.6 - https:\/\/yoast.com\/wordpress\/plugins\/seo\/ -->\n<title>Povijest - Ko\u0161arka\u0161ki savez PG\u017d<\/title>\n<meta name=\"robots\" content=\"index, follow, max-snippet:-1, max-image-preview:large, max-video-preview:-1\" \/>\n<link rel=\"canonical\" href=\"https:\/\/kosarkapgz.com\/?page_id=232\" \/>\n<meta property=\"og:locale\" content=\"hr_HR\" \/>\n<meta property=\"og:type\" content=\"article\" \/>\n<meta property=\"og:title\" content=\"Povijest - Ko\u0161arka\u0161ki savez PG\u017d\" \/>\n<meta property=\"og:description\" content=\"Ko\u0161arka\u0161ki savez Primorsko-goranske \u017eupanije osnovan je 16. \u00a001. 1997. godine kada je i izabrano rukovodstvo Ko\u0161arka\u0161kog saveza na \u010delu s predsjednikom gosp. Franjom Luli\u0107em. Tajnik je Zoran Pjevalica. Tako\u0111er su u svom sazivu poslove odra\u0111ivali Nadzorni odbor, Stegovni sud i Arbitra\u017ea Ko\u0161arka\u0161kog saveza Primorsko-goranske \u017eupanije. Djelatnost Ko\u0161arka\u0161kog saveza Primorsko-goranske \u017eupanije proizilazi iz Zakona o sportu, [&hellip;]\" \/>\n<meta property=\"og:url\" content=\"https:\/\/kosarkapgz.com\/?page_id=232\" \/>\n<meta property=\"og:site_name\" content=\"Ko\u0161arka\u0161ki savez PG\u017d\" \/>\n<meta name=\"twitter:card\" content=\"summary_large_image\" \/>\n<meta name=\"twitter:label1\" content=\"Procijenjeno vrijeme \u010ditanja\" \/>\n\t<meta name=\"twitter:data1\" content=\"2 minute\" \/>\n<script type=\"application\/ld+json\" class=\"yoast-schema-graph\">{\"@context\":\"https:\/\/schema.org\",\"@graph\":[{\"@type\":\"WebPage\",\"@id\":\"https:\/\/kosarkapgz.com\/?page_id=232\",\"url\":\"https:\/\/kosarkapgz.com\/?page_id=232\",\"name\":\"Povijest - Ko\u0161arka\u0161ki savez PG\u017d\",\"isPartOf\":{\"@id\":\"https:\/\/kosarkapgz.com\/#website\"},\"datePublished\":\"2023-10-19T05:53:05+00:00\",\"dateModified\":\"2023-10-19T05:53:05+00:00\",\"breadcrumb\":{\"@id\":\"https:\/\/kosarkapgz.com\/?page_id=232#breadcrumb\"},\"inLanguage\":\"hr\",\"potentialAction\":[{\"@type\":\"ReadAction\",\"target\":[\"https:\/\/kosarkapgz.com\/?page_id=232\"]}]},{\"@type\":\"BreadcrumbList\",\"@id\":\"https:\/\/kosarkapgz.com\/?page_id=232#breadcrumb\",\"itemListElement\":[{\"@type\":\"ListItem\",\"position\":1,\"name\":\"Home\",\"item\":\"https:\/\/kosarkapgz.com\/\"},{\"@type\":\"ListItem\",\"position\":2,\"name\":\"Povijest\"}]},{\"@type\":\"WebSite\",\"@id\":\"https:\/\/kosarkapgz.com\/#website\",\"url\":\"https:\/\/kosarkapgz.com\/\",\"name\":\"Ko\u0161arka\u0161ki savez PG\u017d\",\"description\":\"Slu\u017ebena stranica Ko\u0161arka\u0161kog saveza Primorsko - goranske \u017eupanije\",\"publisher\":{\"@id\":\"https:\/\/kosarkapgz.com\/#organization\"},\"alternateName\":\"Ko\u0161arkaPG\u017d\",\"potentialAction\":[{\"@type\":\"SearchAction\",\"target\":{\"@type\":\"EntryPoint\",\"urlTemplate\":\"https:\/\/kosarkapgz.com\/?s={search_term_string}\"},\"query-input\":\"required name=search_term_string\"}],\"inLanguage\":\"hr\"},{\"@type\":\"Organization\",\"@id\":\"https:\/\/kosarkapgz.com\/#organization\",\"name\":\"Ko\u0161arka\u0161ki savez PG\u017d\",\"url\":\"https:\/\/kosarkapgz.com\/\",\"logo\":{\"@type\":\"ImageObject\",\"inLanguage\":\"hr\",\"@id\":\"https:\/\/kosarkapgz.com\/#\/schema\/logo\/image\/\",\"url\":\"https:\/\/kosarkapgz.com\/wp-content\/uploads\/2023\/11\/kspgz_zastavica.jpg\",\"contentUrl\":\"https:\/\/kosarkapgz.com\/wp-content\/uploads\/2023\/11\/kspgz_zastavica.jpg\",\"width\":150,\"height\":189,\"caption\":\"Ko\u0161arka\u0161ki savez PG\u017d\"},\"image\":{\"@id\":\"https:\/\/kosarkapgz.com\/#\/schema\/logo\/image\/\"}}]}<\/script>\n<!-- \/ Yoast SEO plugin. -->","yoast_head_json":{"title":"Povijest - Ko\u0161arka\u0161ki savez PG\u017d","robots":{"index":"index","follow":"follow","max-snippet":"max-snippet:-1","max-image-preview":"max-image-preview:large","max-video-preview":"max-video-preview:-1"},"canonical":"https:\/\/kosarkapgz.com\/?page_id=232","og_locale":"hr_HR","og_type":"article","og_title":"Povijest - Ko\u0161arka\u0161ki savez PG\u017d","og_description":"Ko\u0161arka\u0161ki savez Primorsko-goranske \u017eupanije osnovan je 16. \u00a001. 1997. godine kada je i izabrano rukovodstvo Ko\u0161arka\u0161kog saveza na \u010delu s predsjednikom gosp. Franjom Luli\u0107em. Tajnik je Zoran Pjevalica. Tako\u0111er su u svom sazivu poslove odra\u0111ivali Nadzorni odbor, Stegovni sud i Arbitra\u017ea Ko\u0161arka\u0161kog saveza Primorsko-goranske \u017eupanije. Djelatnost Ko\u0161arka\u0161kog saveza Primorsko-goranske \u017eupanije proizilazi iz Zakona o sportu, [&hellip;]","og_url":"https:\/\/kosarkapgz.com\/?page_id=232","og_site_name":"Ko\u0161arka\u0161ki savez PG\u017d","twitter_card":"summary_large_image","twitter_misc":{"Procijenjeno vrijeme \u010ditanja":"2 minute"},"schema":{"@context":"https:\/\/schema.org","@graph":[{"@type":"WebPage","@id":"https:\/\/kosarkapgz.com\/?page_id=232","url":"https:\/\/kosarkapgz.com\/?page_id=232","name":"Povijest - Ko\u0161arka\u0161ki savez PG\u017d","isPartOf":{"@id":"https:\/\/kosarkapgz.com\/#website"},"datePublished":"2023-10-19T05:53:05+00:00","dateModified":"2023-10-19T05:53:05+00:00","breadcrumb":{"@id":"https:\/\/kosarkapgz.com\/?page_id=232#breadcrumb"},"inLanguage":"hr","potentialAction":[{"@type":"ReadAction","target":["https:\/\/kosarkapgz.com\/?page_id=232"]}]},{"@type":"BreadcrumbList","@id":"https:\/\/kosarkapgz.com\/?page_id=232#breadcrumb","itemListElement":[{"@type":"ListItem","position":1,"name":"Home","item":"https:\/\/kosarkapgz.com\/"},{"@type":"ListItem","position":2,"name":"Povijest"}]},{"@type":"WebSite","@id":"https:\/\/kosarkapgz.com\/#website","url":"https:\/\/kosarkapgz.com\/","name":"Ko\u0161arka\u0161ki savez PG\u017d","description":"Slu\u017ebena stranica Ko\u0161arka\u0161kog saveza Primorsko - goranske \u017eupanije","publisher":{"@id":"https:\/\/kosarkapgz.com\/#organization"},"alternateName":"Ko\u0161arkaPG\u017d","potentialAction":[{"@type":"SearchAction","target":{"@type":"EntryPoint","urlTemplate":"https:\/\/kosarkapgz.com\/?s={search_term_string}"},"query-input":"required name=search_term_string"}],"inLanguage":"hr"},{"@type":"Organization","@id":"https:\/\/kosarkapgz.com\/#organization","name":"Ko\u0161arka\u0161ki savez PG\u017d","url":"https:\/\/kosarkapgz.com\/","logo":{"@type":"ImageObject","inLanguage":"hr","@id":"https:\/\/kosarkapgz.com\/#\/schema\/logo\/image\/","url":"https:\/\/kosarkapgz.com\/wp-content\/uploads\/2023\/11\/kspgz_zastavica.jpg","contentUrl":"https:\/\/kosarkapgz.com\/wp-content\/uploads\/2023\/11\/kspgz_zastavica.jpg","width":150,"height":189,"caption":"Ko\u0161arka\u0161ki savez PG\u017d"},"image":{"@id":"https:\/\/kosarkapgz.com\/#\/schema\/logo\/image\/"}}]}},"_links":{"self":[{"href":"https:\/\/kosarkapgz.com\/index.php?rest_route=\/wp\/v2\/pages\/232"}],"collection":[{"href":"https:\/\/kosarkapgz.com\/index.php?rest_route=\/wp\/v2\/pages"}],"about":[{"href":"https:\/\/kosarkapgz.com\/index.php?rest_route=\/wp\/v2\/types\/page"}],"author":[{"embeddable":true,"href":"https:\/\/kosarkapgz.com\/index.php?rest_route=\/wp\/v2\/users\/1"}],"replies":[{"embeddable":true,"href":"https:\/\/kosarkapgz.com\/index.php?rest_route=%2Fwp%2Fv2%2Fcomments&post=232"}],"version-history":[{"count":1,"href":"https:\/\/kosarkapgz.com\/index.php?rest_route=\/wp\/v2\/pages\/232\/revisions"}],"predecessor-version":[{"id":233,"href":"https:\/\/kosarkapgz.com\/index.php?rest_route=\/wp\/v2\/pages\/232\/revisions\/233"}],"wp:attachment":[{"href":"https:\/\/kosarkapgz.com\/index.php?rest_route=%2Fwp%2Fv2%2Fmedia&parent=232"}],"curies":[{"name":"wp","href":"https:\/\/api.w.org\/{rel}","templated":true}]}}